
-204
In base 15, what is 6 - -27?
2d
In base 13, what is 763 - -2?
765
In base 14, what is 91 + 5?
96
In base 9, what is 5 - -557?
563
In base 8, what is 3671 + 5?
3676
In base 13, what is 6 - -11?
17
In base 10, what is -3 - -2733?
2730
In base 8, what is -2 - -340?
336
In base 15, what is 2 + 3ec?
3ee
In base 13, what is a + 730?
73a
In base 2, what is 1111011 - -1010?
10000101
In base 9, what is 3 + 3601?
3604
In base 6, what is 1 + -224?
-223
In base 10, what is -21916 + 2?
-21914
In base 3, what is -111 - -10002?
2121
In base 13, what is 1 - -114?
115
In base 15, what is 12 + 13?
25
In base 12, what is 38 - 1?
37
In base 11, what is -158 - 5?
-162
In base 15, what is 25 - -a?
30
In base 14, what is 52d - -a?
539
In base 8, what is -46 - -31?
-15
In base 12, what is 453 + 4?
457
In base 15, what is 1 - -78?
79
In base 10, what is -106 - -4?
-102
In base 9, what is 7 + -10?
-2
In base 13, what is 386 - 8?
37b
In base 6, what is 40 + -333?
-253
In base 12, what is -7 - 34?
-3b
In base 12, what is 532 - 8?
526
In base 11, what is 12794 - 1?
12793
In base 7, what is 106 + 0?
106
In base 16, what is -2f - 360?
-38f
In base 7, what is -345 + 14?
-331
In base 6, what is -5 - -1153?
1144
In base 9, what is 4015 - 8?
4006
In base 10, what is 4 - 66?
-62
In base 3, what is -1102211 - -11?
-1102200
In base 7, what is 3 + -154?
-151
In base 6, what is 131 + -34?
53
In base 9, what is 73 + 2?
75
In base 15, what is -b - -d4?
c8
In base 2, what is -10000001 - 100?
-10000101
In base 7, what is -2 + -15165?
-15200
In base 15, what is -4 - 51e?
-523
In base 13, what is 0 - -27a?
27a
In base 3, what is -2220 - 2?
-2222
In base 12, what is -263 + -16?
-279
In base 6, what is -12530 - -2?
-12524
In base 3, what is -1 + -1210?
-1211
In base 10, what is 347 - -2?
349
In base 7, what is -20 - -22?
2
In base 11, what is 9 - 15?
-7
In base 5, what is -133 - -3?
-130
In base 12, what is -1 + -416?
-417
In base 7, what is 520 - 4?
513
In base 14, what is 4 - -7b?
81
In base 5, what is 13 + -44?
-31
In base 14, what is -2 - 26bd?
-26c1
In base 5, what is 2313 + 0?
2313
In base 15, what is -2 + 4a3?
4a1
In base 14, what is 6 + -50?
-48
In base 10, what is 5 + 19?
24
In base 8, what is -16 + -1764?
-2002
In base 14, what is -6 - -129?
123
In base 10, what is 3820 + -4?
3816
In base 16, what is 4c2 + 4?
4c6
In base 15, what is 6c - -3?
70
In base 2, what is -10100001010 + -100?
-10100001110
In base 16, what is 5 + 6b2?
6b7
In base 16, what is 6c + -3?
69
In base 2, what is -111111001 - 101000?
-1000100001
In base 7, what is 25 - -21?
46
In base 12, what is 252b - 4?
2527
In base 6, what is -1 - -405?
404
In base 11, what is -190 + -12?
-1a2
In base 3, what is -1011 - 2000?
-10011
In base 6, what is -2203 + -5?
-2212
In base 13, what is a53 - -4?
a57
In base 16, what is e5 - -3?
e8
In base 11, what is -528 + 3?
-525
In base 5, what is 0 - 441?
-441
In base 5, what is -201 - 3?
-204
In base 13, what is -134 - 2?
-136
In base 8, what is 1 - 252?
-251
In base 11, what is 6 - 10?
-5
In base 16, what is 12 + 10?
22
In base 5, what is -432 + -1?
-433
In base 11, what is -11 - 65?
-76
In base 2, what is 11010 + 100?
11110
In base 16, what is -1 - -40?
3f
In base 2, what is 111010101 + 1000?
111011101
In base 8, what is 2 + -13?
-11
In base 8, what is 323 + 4?
327
In base 13, what is 231 + -1?
230
In base 15, what is -18 + -178?
-191
In base 9, what is -3 + -7?
-11
In base 4, what is 11 + -1013332?
-1013321
In base 11, what is -44 - 8?
-51
In base 8, what is 533 + 3?
536
In base 7, what is -1024 - 4?
-1031
In base 10, what is -883 - 9?
-892
In base 14, what is -73 + -2?
-75
In base 5, what is -12102 - -4?
-12043
In base 4, what is 2023 + 11?
2100
In base 9, what is -856 + 0?
-856
In base 3, what is 2 - 110222?
-110220
In base 7, what is -152 - -5?
-144
In base 11, what is -4a + -483?
-522
In base 16, what is -6 - -b4?
ae
In base 2, what is 1110 - -11001?
100111
In base 8, what is 4 + 1577?
1603
In base 16, what is 8 - -33?
3b
In base 9, what is -4 + -243?
-247
In base 8, what is 2 - 337?
-335
In base 7, what is -1 + 4623?
4622
In base 4, what is 122201 - -3?
122210
In base 14, what is -1a + 16?
-4
In base 2, what is -101 + -1001010?
-1001111
In base 4, what is 323 + 32?
1021
In base 5, what is -3211 + 3?
-3203
In base 13, what is 5 + -1aa?
-1a5
In base 13, what is 5 - 1a?
-15
In base 16, what is 5 - 1?
4
In base 10, what is -1 - -108?
107
In base 6, what is -10 - 131?
-141
In base 12, what is 171b + -1?
171a
In base 11, what is -54 - -8?
-47
In base 13, what is -117 - 109?
-223
In base 11, what is -3429 + -4?
-3432
In base 8, what is -560 + 5?
-553
In base 14, what is -21 - 10d?
-130
In base 15, what is -2 + -2e?
-31
In base 7, what is 130 + -1?
126
In base 7, what is -614 - 1?
-615
In base 13, what is -3 + -65a?
-660
In base 16, what is -13b + -5?
-140
In base 14, what is -2d1 + 5?
-2ca
In base 4, what is 2113 + 3?
2122
In base 4, what is 102 - -32?
200
In base 3, what is 110211 + 10?
110221
In base 2, what is -100010 + -10?
-100100
In base 14, what is 2 + 22?
24
In base 13, what is -103 + 1a?
-b6
In base 4, what is -11 + 2002233?
2002222
In base 14, what is 7 + 97?
a0
In base 16, what is b5 + -2?
b3
In base 10, what is 2 + 11?
13
In base 3, what is 111 + 1?
112
In base 16, what is -1b2 + -3a?
-1ec
In base 10, what is 1 + -5?
-4
In base 11, what is 4a - -54?
a3
In base 14, what is 4 - 7?
-3
In base 7, what is 252000 - 0?
252000
In base 14, what is 1a + -7?
13
In base 9, what is -4 + 82?
77
In base 10, what is 1 - 2484?
-2483
In base 15, what is -3 - 9ac?
-9b0
In base 4, what is -11 - -233?
222
In base 8, what is -133 + -33?
-166
In base 6, what is -4 - -3514?
3510
In base 16, what is -7c1 - 5?
-7c6
In base 12, what is -201 - -1?
-200
In base 11, what is 597 - 1?
596
In base 12, what is -418a - 4?
-4192
In base 9, what is 11 - 44?
-33
In base 11, what is -a - 116?
-125
In base 6, what is -1 + -42222?
-42223
In base 14, what is 60 + 3?
63
In base 4, what is 1333 + 13?
2012
In base 11, what is -2420 - -a?
-2411
In base 16, what is 0 - 901?
-901
In base 12, what is -4 - -61?
59
In base 12, what is 2 - a2?
-a0
In base 9, what is 1 + -1525?
-1524
In base 3, what is 10 - 221?
-211
In base 14, what is -81 - -1b?
-64
In base 7, what is -1 - 10624?
-10625
In base 16, what is 1 - 34?
-33
In base 4, what is 0 - -2300?
2300
In base 2, what is -10010101011100 - 11?
-10010101011111
In base 16, what is c - c?
0
In base 13, what is 1 + 49a?
49b
In base 6, what is -23 - 101?
-124
In base 15, what is bba - -2?
bbc
In base 2, what is -1100100 + 10000?
-1010100
In base 13, what is 0 + 17?
17
In base 9, what is 38 + 16?
55
In base 6, what is -5 - 2403?
-2412
In base 16, what is -38 + -d?
-45
In base 14, what is -5 + -1b3?
-1b8
In base 8, what is 13 + 33?
46
In base 8, what is 13 - 54?
-41
In base 2, what is 101 + 100111?
101100
In base 12, what is 3 + -604?
-601
In base 7, what is -4102 - -1?
-4101
In base 9, what is -2 - -1465?
1463
In base 14, what is 0 + -179a?
-179a
In base 11, what is -58 - 4?
-61
In base 3, what is 2000201 + -2?
2000122
In base 12, what is -3 + -6a?
-71
In base 13, what is -3 - -109?
106
In base 16, what is -22 - -6?
-1c
In base 7, what is 40 - 1?
36
In base 4, what is -3 + -30000?
-30003
In base 5, what is 101 + -3?
43
In base 12, what is -111a + 1?
-1119
In base 6, what is 3 + 1032?
1035
In base 14, what is 15 - 58?
-43
In base 4, what is 0 + -302123?
-302123
In base 12, what is 4 - -67?
6b
In base 4, what is 2 - -1222?
1230
In base 14, what is -1 + c?
b
In base 4, what is -2 + 2?
0
In base 11, what is 9 - 232?
-224
In base 10, what is -14209 + 1?
-14208
In base 9, what is -22 + 167?
145
In base 5, what is 4 - -12?
21
In base 8, what is 5 - -41?
46
In base 14, what is 130d - 1?
130c
In base 8, what is 5 - -140?
145
In base 9, what is 0 - -821?
821
In base 5, what is 103 - -212?
320
In base 14, what is 38 + 1?
39
In base 15, what is -7c - -11?
-6b
In base 4, what is 20 + -2?
12
In base 10, what is 0 + -369?
-369
In base 14, what is 1c6 - -1?
1c7
In base 5, what is 2411 + -2?
2404
In base 16, what is -15b1 - 4?
-15b5
In base 15, what is -4 + b?
7
In base 4, what is -3 + 122033?
122030
In base 10, what is -9 - 5?
-14
In base 16, what is -1cf + -5?
-1d4
In base 15, what is